4*r + 30. Calculate t(7).
107
Let s(c) = -c - 4. Give s(-8).
4
Let l(u) = -u - 67. Give l(-24).
-43
Let w(h) = 39*h**3 + 2*h**2 - 2*h - 2. Give w(-1).
-37
Let x(p) = 2*p**3 + 11*p**2 + 4*p - 4. Determine x(-5).
1
Let h(j) = j**3 + 12*j**2 + 2*j + 3. Calculate h(-12).
-21
Let j(a) = -7*a + 90. What is j(11)?
13
Let m(g) = g**2 - 2*g. Calculate m(2).
0
Let v(n) = n**3 - 5*n**2 - 5*n + 6. What is v(5)?
-19
Let j(h) = h**3 + h**2 - h + 10. Calculate j(-3).
-5
Let w(u) = -u**2 - 5*u + 5. Give w(-7).
-9
Let w(n) = -7*n - 200. Calculate w(-32).
24
Let d(t) = -t**2 - 2*t + 7. Give d(-5).
-8
Let y(t) = t + 2. Calculate y(-6).
-4
Let o(c) = 22*c + 15. Give o(-1).
-7
Let r(o) = 2*o**2 - 35*o - 15. What is r(18)?
3
Let y(k) = -k**2 + 7*k + 39. Give y(11).
-5
Let o(y) = -y**2 + 5*y - 5. Give o(4).
-1
Let t(w) = 4*w + 2. Calculate t(-4).
-14
Let q(z) = -z**3 + 10*z**2 + 9*z + 7. Determine q(11).
-15
Let k(h) = 2*h**3 + 15*h**2 + 8*h + 13. Give k(-7).
6
Let m(s) = 22*s - 62. What is m(4)?
26
Let x(p) = -3*p**3 - 17*p**2 - 30*p - 3. Calculate x(-2).
13
Let t(g) = 3*g**2 + 7*g + 10. What is t(-3)?
16
Let y(h) = -2*h**3 + 1. Give y(1).
-1
Let x(w) = -w - 18. Determine x(-21).
3
Let m(n) = -n - 6. Calculate m(-10).
4
Let u(d) = -2*d**3 - d + 1. What is u(1)?
-2
Let z(h) = -23*h - 40. Determine z(-2).
6
Let y(a) = 13*a - 112. Calculate y(23).
187
Let c(g) = g + 7. What is c(-16)?
-9
Let y(n) = -4*n**2 + 38*n + 1. Calculate y(9).
19
Let g(j) = -8*j - 116. What is g(-18)?
28
Let f(m) = m**2 - 4*m - 2. What is f(-5)?
43
Let b(i) = -15*i + 45. Determine b(9).
-90
Let r(d) = -d**3 + 7*d**2 - 5*d + 8. What is r(6)?
14
Let l(x) = -x**2 + 3*x + 9. Determine l(-2).
-1
Let j(o) = 5*o**3 - o**2 - o - 2. Determine j(-1).
-7
Let t(m) = -5*m**3 - 4*m**2 + 3*m. What is t(1)?
-6
Let q(o) = o**3 - 8*o**2 + 6*o - 6. What is q(6)?
-42
Let g(d) = d**3 - 22*d**2 - 15. Give g(22).
-15
Let r(a) = 34*a + 13. Give r(4).
149
Let t(n) = 44*n - 474. Calculate t(11).
10
Let m(y) = -y**2 + 26*y + 115. Give m(32).
-77
Let f(d) = d**3 - 57*d**2 - 180*d + 2. Calculate f(60).
2
Let i(k) = k**2 + 27*k + 148. Calculate i(-20).
8
Let g(z) = z**2 + 2*z + 1. Give g(-1).
0
Let n(v) = -v**3 - 4*v**2 - 6*v + 3. Give n(-7).
192
Let v(x) = -6*x**2 - 2*x + 1. What is v(1)?
-7
Let n(l) = 9*l - 68. Determine n(7).
-5
Let v(z) = -2*z - 14. Give v(-7).
0
Let g(r) = -4*r**2 + 17*r - 5. What is g(5)?
-20
Let d(c) = -c**2 - 6. What is d(-3)?
-15
Let f(b) = 25*b**2 - 128*b + 9. Calculate f(5).
-6
Let h(i) = i**3 + 2*i**2 - 6. Determine h(-3).
-15
Let g(v) = 35*v - 12. What is g(1)?
23
Let i(a) = a**3 + 8*a**2 - 2*a + 16. Determine i(0).
16
Let n(o) = -7*o - 132. What is n(-19)?
1
Let w(c) = -c**3 - 10*c**2 - 3*c - 16. Calculate w(-7).
-142
Let r(j) = 5*j - 31. Give r(13).
34
Let s(z) = 11*z + 2. What is s(-1)?
-9
Let s(g) = g**3 - 7*g**2 + 7*g + 8. What is s(6)?
14
Let m(j) = -3*j. Calculate m(5).
-15
Let j(x) = -x**3 + 10*x**2 + 5*x + 11. Determine j(11).
-55
Let m(t) = 2*t**2 - t - 5. What is m(4)?
23
Let j(k) = k**3 + 10*k**2 - 2*k - 24. Calculate j(-10).
-4
Let v(f) = -6*f**2 + f. Give v(-1).
-7
Let q(g) = g**3 - 3*g**2 - 2*g + 1. Determine q(2).
-7
Let n(y) = y**3 + 10*y**2 - y - 6. Determine n(-10).
4
Let l(p) = -p + 22. Give l(-6).
28
Let p(q) = q**2 + 4*q - 11. What is p(-6)?
1
Let a(c) = -10*c + 41. Determine a(4).
1
Let n(b) = -2*b**3 - b**2 - 2*b - 4. What is n(3)?
-73
Let w(u) = 18*u + 292. What is w(-16)?
4
Let d(m) = -m**3 + 3*m**2 - 2*m + 21. Give d(5).
-39
Let c(o) = -o - 10. Determine c(10).
-20
Let r(h) = -5*h**2 - 2*h + 14. What is r(-2)?
-2
Let y(s) = s**3 - 14*s**2 + s - 9. Calculate y(14).
5
Let p(m) = -m + 1. What is p(-7)?
8
Let o(v) = -2*v**3 - 9*v**2 - v - 6. What is o(-5)?
24
Let z(c) = -c**3 + c**2 - 6*c - 15. Determine z(-5).
165
Let w(u) = -u**3 - 6*u**2 + 9*u + 11. Calculate w(-7).
-3
Let q(i) = i**3 + 6*i**2 - 9*i - 4. What is q(-7)?
10
Let j(s) = s**3 - 3*s**2 - 6*s + 2. Calculate j(5).
22
Let n(o) = 2*o**2 + 2*o - 2. Give n(3).
22
Let t(o) = -13*o + 18. Determine t(14).
-164
Let d(k) = 7*k**3 + 3*k - 2. What is d(1)?
8
Let s(j) = 3*j - 18. Give s(9).
9
Let q(n) = -n**3 + 12*n**2 + 3*n - 5. Give q(12).
31
Let a(x) = -14*x + 1. Determine a(1).
-13
Let y(o) = -10*o - 184. Determine y(-17).
-14
Let n(a) = -a + 4. Give n(6).
-2
Let k(n) = 9*n**3 + 3*n**2 + 4*n + 5. What is k(-2)?
-63
Let p(z) = 185*z - 194. Calculate p(1).
-9
Let y(c) = -c**2 + 4*c + 10. Calculate y(7).
-11
Let p(x) = x**2 + 4*x - 31. Determine p(-8).
1
Let x(v) = 2*v**2 - 3*v + 4. Calculate x(1).
3
Let u(h) = -2*h**2 + 5*h - 2. Determine u(3).
-5
Let a(o) = 2*o**3 - 9*o**2 + 11*o - 81. Determine a(5).
-1
Let o(m) = 2*m**3 + 29*m**2 - 17*m - 25. Determine o(-15).
5
Let k(f) = f**2 + 23*f + 61. What is k(-16)?
-51
Let n(g) = -g**3 - 3*g**2 - g - 14. Give n(0).
-14
Let q(s) = 10*s + 31. Give q(10).
131
Let x(w) = w + 10. Determine x(-2).
8
Let u(s) = -s**3 + s**2 + 12*s - 15. Determine u(3).
3
Let x(k) = -k**3 + 7*k**2 - 10*k. Determine x(4).
8
Let n(a) = -4*a + 8. Give n(-6).
32
Let k(y) = -7*y - 6. Give k(-2).
8
Let l(d) = 11*d + 55. What is l(-6)?
-11
Let r(p) = 2*p**2 + 8*p. What is r(-6)?
24
Let j(c) = 12*c. Calculate j(-2).
-24
Let n(z) = 16*z**3 - 2*z**2 + 4*z - 3. What is n(1)?
15
Let h(w) = -3*w - 7. Calculate h(-2).
-1
Let r(w) = -w + 8. Give r(7).
1
Let j(s) = 3*s**3 + 2*s**2 + 4*s - 4. Determine j(-2).
-28
Let s(y) = y**3 + 5*y**2 - 4*y - 3. What is s(-6)?
-15
Let j(n) = -n**3 - 26*n**2 + 28*n + 21. Determine j(-27).
-6
Let b(z) = 3*z**2 - 11*z - 5. Determine b(4).
-1
Let x(y) = 3*y - 2. Determine x(0).
-2
Let b(z) = -z**2 + 22*z - 24. Determine b(22).
-24
Let u(c) = -c**3 - 17*c**2 + 24*c + 44. Give u(-18).
-64
Let g(x) = -3*x - 1. Calculate g(-1).
2
Let s(p) = p**3 + 8*p - 19. Calculate s(2).
5
Let y(c) = -c**2 - 6. Determine y(0).
-6
Let j(h) = -2*h**2 + h - 18. What is j(4)?
-46
Let k(r) = r + 4. Calculate k(-10).
-6
Let n(r) = r**2 - 9. What is n(-2)?
-5
Let g(c) = c**2 + 18*c + 44. What is g(-16)?
12
Let d(r) = -r**3 - 9*r**2 - 14*r - 9. What is d(-6)?
-33
Let t(w) = w**3 - 35*w - 8. What is t(6)?
-2
Let f(k) = -2*k + 44. Give f(16).
12
Let f(w) = -3*w + 77. Calculate f(21).
14
Let h(s) = -s**3 + 4*s**2 + 7*s + 6. Determine h(6).
-24
Let r(m) = -3*m + 7. Calculate r(-6).
25
Let v(q) = q**3 - 7*q**2 + 7*q - 7. Determine v(6).
-1
Let j(b) = -b**3 - 4*b**2 - 2*b + 1. What is j(-3)?
-2
Let l(j) = -j**3 - 4*j**2 + j - 18. What is l(-5)?
2
Let p(n) = n**2 - 11*n + 16. Give p(9).
-2
Let c(i) = i**2 - 33*i + 174. Determine c(7).
-8
Let z(k) = -2*k**2 + 15*k - 12. Give z(7).
-5
Let m(j) = -2*j**2 - 12*j + 15. Calculate m(-7).
1
Let l(p) = -4*p - 30. Give l(-9).
6
Let j(p) = 19*p**2 - 7*p + 4. Give j(-2).
94
Let q(z) = z**2 + 5*z - 5. Give q(-7).
9
Let u(g) = -g**2 - g + 55. Give u(16).
-217
Let n(g) = -g**3 + 6*g**2 + 18*g - 8. Give n(8).
8
Let p(f) = -97*f - 97. What is p(-1)?
0
Let v(h) = h + 3. What is v(-6)?
-3
Let b(v) = -v**3 + 5*v**2 - 4*v + 55. Determine b(6).
-5
Let t(u) = -5*u**2 - 53*u - 12. Determine t(-10).
18
Let c(t) = t**3 - 27*t**2 + t - 31. Give c(27).
-4
Let o(h) = h**3 + 14*h**2 + 14*h - 3. Determine o(-13).
-16
Let s(n) = -n**3 + 3. Give s(-4).
67
Let s(k) = 16*k - 155. Determine s(13).
53
Let q(y) = y**2 - 11*y - 75. Determine q(16).
5
Let z(v) = v**2 - 5*v - 8. Determine z(6).
-2
Let a(r) = -36*r - 360. Calculate a(-10).
0
Let b(q) = -16*q + 77. Calculate b(4).
13
Let i(b) = 2*b**2 - 14*b + 17. Calculate i(5).
-3
Let q(j) = j**2 + 8*j - 4. Calculate q(3).
29
Let u(c) = -21*c + 184. Determine u(9).
-5
Let k(m) = 3*m + 15. Determine k(-6).
-3
Let d(l) = l**3 + 9*l**2 + 6*l. Calculate d(-9).
-54
Let q(x) = 4*x - 53. Determine q(6).
-29
Let t(s) = 5*s - 30. Calculate t(8).
10
Let k(t) = t**3 - 8*t**2 + 9*t - 14. Give k(7).
0
Let b(c) = 41*c**2 - c. Determine b(1).
40
Let f(g) = 141*g + 980. Calculate f(-7).
-7
Let c(o) = -3*o + 14. Determine c(-2).
20
Let y(r) = r**3 - 16*r**2 + 11*r + 36. Determine y(15).
-24
Let d(r) = -r**3 + 8*r**2 - 3*r - 9. Give d(7).
19
Let s(q) = q**2 - 8*q + 47. What is s(0)?
47
Let x(l) = 2*l + 30. Give x(-17).
-4
Let j(u) = -u**3 - u**2 + 5*u - 1. Determine j(2).
-3
Let s(a) = 4*a + 21. Determine s(-14).
-35
Let z(j) = 3*j + 30. Calculate z(-26).
-48
Let m(w) = 